w - 94. What are the prime factors of w?
2, 7
Suppose -3*t - 2 = -2*y, 5*t + y = -3*y + 26. Suppose 7*i = t*i + 550. Suppose 5*d = 5*z + i, -46 = -4*d - 4*z + 26. List the prime factors of d.
2, 5
Suppose -15 = 3*s, -4*t - 6155 = -6*t + 5*s. List the prime factors of t.
5, 613
List the prime factors of (2/5)/((-16)/(-7880)).
197
Let i = 5793 + -4098. List the prime factors of i.
3, 5, 113
Let h(q) = -q**3 - 2*q**2 - 5*q - 1. Let y(f) = f. Let j be y(-4). List the prime factors of h(j).
3, 17
Let k = -2319 - -3594. List the prime factors of k.
3, 5, 17
Suppose -17 = -5*x - 7. Suppose u - 1 = -x. What are the prime factors of (u/2)/((-4)/616)?
7, 11
Suppose -2*g - 21 = -9. Suppose 7 = -c + a, 4*a - 10 = -5*c - 0*c. What are the prime factors of (-1)/c*(g + 50)?
2, 11
Suppose -8 - 2 = t. Let s = 25 + -121. What are the prime factors of (t/(-6))/((-4)/s)?
2, 5
Let q = -657 + 384. Let t be (-9)/15 + q/(-5). List the prime factors of (-1)/(((-33)/t)/11).
2, 3
Suppose 5*o - 2*b = 11, -3*b - 4 = o - 13. Suppose j - o*f - 258 = 0, 2*j - 2*f - 147 = 389. List the prime factors of j.
3, 7, 13
Suppose 7*l = 9*l + 4, 5*l + 1052 = 2*a. What are the prime factors of a?
521
Suppose 36*i - 12*i - 46608 = 0. What are the prime factors of i?
2, 971
Let i(a) = 2070*a**2 + 10*a - 3. What are the prime factors of i(1)?
31, 67
Let u(v) = v**2 - 4*v + 5. Let n be u(4). Suppose -2*i - 84 = -n*i. List the prime factors of i.
2, 7
Suppose -3*b + 4*b = 32. Let x = -14 + 19. Let l = b + x. What are the prime factors of l?
37
Suppose 0 = 5*x - 3*b + b - 307, 0 = 4*x + 5*b - 272. What are the prime factors of x?
3, 7
Let i be 1/(8/170)*-4. Let g = 147 + i. What are the prime factors of g?
2, 31
Suppose -5 = -5*l - 5*w, -5*l = w - 6 - 3. Let r = l + 4. Suppose b = -b + r. List the prime factors of b.
3
List the prime factors of 2057/15 - 6/45.
137
Let p(o) = -2*o - 13. Let t be p(-7). Suppose -w = -t, -4*y - 10*w = -7*w - 343. List the prime factors of y.
5, 17
Let u be (1 - (-2 - -3)) + (-2 - -36). What are the prime factors of (-4)/u + (-172)/(-17)?
2, 5
Suppose -2*v = 9 - 5. What are the prime factors of v + 7 + -2 - -25?
2, 7
Let d(b) = b**3 + 11*b**2 + 5*b + 19. Let p be d(-8). Let v be p/33 + (-2)/11. Suppose -2*g + 120 = -0*g - k, 2*g + v*k = 96. List the prime factors of g.
2, 29
Let f be 587/3 + 1/3. Suppose z - 2*z + f = 0. Let s = z + -134. List the prime factors of s.
2, 31
Let h be 2443/14 + 1/(-2). What are the prime factors of (h/(-9))/((-7)/21)?
2, 29
Suppose 4*z + 12 = 0, -3*m = 2*m + 2*z - 409. Suppose 4*t - 42 = 82. Suppose 0 = 2*r + 2*f - 48, m = 5*r + 3*f - t. List the prime factors of r.
3, 7
Let r(j) = 3*j - 5. Let n = 6 + -2. Suppose -n*y - 17 = -5*y. List the prime factors of r(y).
2, 23
Let i(x) = -44*x**3 - 5. What are the prime factors of i(-2)?
347
Let q = -408 + 637. Suppose u = -4*i + q, -2 = 2*u - 4. What are the prime factors of i?
3, 19
Let x(b) = -14*b**2 + b - 8. Let m(a) = -a**2 - a. Let t(z) = -6*m(z) - x(z). What are the prime factors of t(-3)?
173
Let v be -17*61/(-183)*1*3. Let r be 2/(0 - 2)*-60. Suppose o + v - r = 0. What are the prime factors of o?
43
Suppose -5405 = -10*n + 4335. List the prime factors of n.
2, 487
Suppose 2*z + 4171 = o, -5*z + 10498 - 2111 = 2*o. What are the prime factors of o?
37, 113
Let s = 150 - 137. Let x = 2 + -2. What are the prime factors of s - (x + 0 + -3)?
2
Let k = 1 + -3. Let m be (-7)/k + 4/(-8). Suppose s - o + 2*o - 14 = 0, 58 = m*s - o. List the prime factors of s.
2, 3
Suppose 0 = -i - 2*s + 525, 0 = -0*s - 4*s - 12. What are the prime factors of i?
3, 59
Let k = 12 - 10. Suppose k*y = j + 4*j, 0 = 4*j - y. Suppose 3*v - 6*v + 57 = j. What are the prime factors of v?
19
Let j(w) = 2*w**2 + 7*w + 0*w**2 - w**2 + 4. Let a be j(-7). Suppose -5*n + 113 = 3*f, -2*f + 3*f = a*n - 87. List the prime factors of n.
2, 11
Let v(o) be the second derivative of o**5/20 + 2*o**4/3 + 2*o**2 + 12*o. Let j be v(-8). Suppose 0 = 3*w - j*w + 19. List the prime factors of w.
19
Let b be ((-59)/(-2))/(12/24). Let w = b - 49. What are the prime factors of w?
2, 5
What are the prime factors of (1 + -15)*(-58)/4?
7, 29
Suppose 4*t = 4*j + 8, -4*t - 3*j = -17 - 12. Suppose -g - 1 = -t. Suppose 0 = -r + g + 9. What are the prime factors of r?
13
Let n = -1320 + 2048. What are the prime factors of n?
2, 7, 13
Let f(d) = 2*d + 4. Let a(k) = -2*k - 7. Let g(i) = 1. Let j(y) = -a(y) - 4*g(y). Let t(p) = -3*f(p) + 4*j(p). What are the prime factors of t(4)?
2
Let i(w) = 8*w**2 + 8*w - 54. List the prime factors of i(5).
2, 3, 31
Let x(k) = -4*k + 7*k + 3 - 11. Let w be x(9). Suppose 2*d - 1 = w. What are the prime factors of d?
2, 5
Let l(h) = -h**2 + 53*h + 159. List the prime factors of l(38).
3
What are the prime factors of 20935/15 - ((-8)/(-12) - 1)?
2, 349
What are the prime factors of ((-1608)/168)/(4/(-364))?
13, 67
Let x be -2 - ((-10)/2 + 1). Let y(q) be the third derivative of 7*q**4/24 - q**3/3 - 303*q**2. What are the prime factors of y(x)?
2, 3
Let d(w) = -w**3 - 4*w**2 + 5*w. Suppose 0 = r - 5*r + 2*l - 12, -5*l - 22 = 3*r. Let a be d(r). Let o = -11 - a. What are the prime factors of o?
3
Let x = 23 + 1. Suppose 2*v - v = -4, -5*l + v = -x. Suppose -l*z + 2*k = -86, -z - z - k = -53. List the prime factors of z.
2, 3
Suppose h + 1038 = g + 232, -5*g = -3*h - 4032. List the prime factors of g.
3, 269
Let t = 81 - -67. Suppose -8*a + 12*a - t = 0. List the prime factors of a.
37
Let d(n) = 35*n + 28. Let p be d(8). Suppose -2*q + 29 - p = -5*j, q = 3*j - 167. What are the prime factors of j?
5, 11
Let k = 1259 + -712. List the prime factors of k.
547
Let x(a) = 3*a**3 - 2*a**2 + 4. List the prime factors of x(5).
7, 47
Let d be 24/(-2) + -14 + 16. Let i = 23 - d. What are the prime factors of i?
3, 11
Let h = -2688 + 5333. List the prime factors of h.
5, 23
Suppose 5*v = -5*n - 15, -4*v - v - 45 = -n. Let g(l) = -10*l + 5. What are the prime factors of g(v)?
5, 17
Let d be (2/(-3))/(8/12). Let n be 16 + (2 - 0) + d. Suppose -2*j + n = -27. What are the prime factors of j?
2, 11
What are the prime factors of 150/4*11528/655?
2, 3, 5, 11
Suppose -3*w + 1732 = g, 8*g = -w + 10*g + 582. What are the prime factors of w?
2, 17
Suppose -5*b = 2 + 28. Let t = b + 8. Suppose 0 = t*l - 5*l + 57. List the prime factors of l.
19
Let n = -66 + 113. Suppose -267 = -4*t - n. What are the prime factors of t?
5, 11
Let s(b) = 6*b**2 - b + 2. Let p be s(1). Suppose -397 = -p*v + 93. What are the prime factors of v?
2, 5, 7
Let r(a) = -11*a**3 - 2*a**2 + 3*a + 11. Let f(k) = -16*k**3 - 3*k**2 + 5*k + 18. Let w(i) = -5*f(i) + 8*r(i). Let o = -7 + 5. List the prime factors of w(o).
2, 3, 5
Let y = 196 - -85. List the prime factors of y.
281
Suppose -2*c + 10 = p, 3*c - 15 = -0*c - 4*p. Suppose 326 = 3*n + c*d, 0*n - 118 = -n + 3*d. List the prime factors of n.
2, 7
Let z(q) = 12*q + 1. Let v be z(7). Suppose 3*n + 5*c = 235, 3*n - 151 = -4*c + v. List the prime factors of n.
2, 5
Let w(c) = 2*c**2 + c - 76. List the prime factors of w(14).
2, 3, 5, 11
Suppose 3*q - 5*s - 35 = 0, 0 = 7*q - 3*q + 2*s - 12. Suppose 0 = q*u - 714 + 264. List the prime factors of u.
2, 3, 5
Suppose -4*p + p - 207 = 0. Let x = 159 + p. Suppose -3*k + 30 + x = 0. What are the prime factors of k?
2, 5
Suppose 0 = -3*f - 2*z + 4*z + 438, -2*f + 290 = -2*z. Suppose -4*s = -8*s + f. List the prime factors of s.
37
Suppose -118 = -4*v - 18. Suppose -u + v + 55 = -x, -4*u + x + 305 = 0. What are the prime factors of u?
3, 5
Let h = -590 + 5936. What are the prime factors of h?
2, 3, 11
Suppose p = 3*t - 3*p - 1223, -5*p + 5 = 0. List the prime factors of t.
409
Let s(n) be the first derivative of n**3 + n**2 + n - 3. Let m be s(-1). Suppose 0 = -2*p + m*u + 40, -7*p + 100 = -3*p + u. List the prime factors of p.
2, 3
Suppose -4*x + m + 235 = 0, 3*x - 274 = m - 98. Suppose 62*l - x*l - 600 = 0. What are the prime factors of l?
2, 5
What are the prime factors of (188 - -8)*5/20?
7
Let p = 120 + -183. Let o = p - -111. List the prime factors of o.
2, 3
Let r(q) = 697*q**3 - q**2 - q + 1. List the prime factors of r(1).
2, 3, 29
Let a = 3212 + -1796. List the prime factors of a.
2, 3, 59
Let o(m) = -m**2 + 69*m - 162. List the prime factors of o(54).
2, 3
Le